{"id":16,"date":"2022-01-10T09:56:23","date_gmt":"2022-01-10T09:56:23","guid":{"rendered":"https:\/\/centredeslangues.u-bourgogne.fr\/?page_id=16"},"modified":"2025-01-16T08:09:48","modified_gmt":"2025-01-16T08:09:48","slug":"accueil","status":"publish","type":"page","link":"https:\/\/centredeslangues.ube.fr\/","title":{"rendered":"Accueil"},"content":{"rendered":"\n<h2 class=\"wp-block-heading has-text-align-center\">Bienvenue sur le site du Centre des Langues et des Cultures pour Tous<\/h2>\n\n\n<div class=\"wp-block-image\">\n<figure class=\"aligncenter size-large\"><img decoding=\"async\" src=\"https:\/\/siteufr5.u-bourgogne.fr\/centredeslangues\/wp-content\/uploads\/2021\/11\/Capture-1024x169.jpg\" alt=\"\" class=\"wp-image-183\"\/><\/figure>\n<\/div>\n\n\n<h2 class=\"wp-block-heading has-text-align-center\"> Le Centre des Langues et des Cultures pour tous de l&#8217;universit\u00e9 a pour mission de promouvoir la pratique des langues aupr\u00e8s de tous les publics de l&#8217;\u00e9tablissement, qu&#8217;ils soient \u00e9tudiants, personnels ou membres du grand public.<\/h2>\n\n\n\n<figure class=\"wp-block-pullquote is-style-default has-border-color has-text-color\" style=\"border-color:#a10e2f;color:#a10e2f\"><blockquote><p><strong>Le Centre des Langues est  ouvert au public du lundi au jeudi de 9h \u00e0 17h et le vendredi de 9h \u00e0 midi.<\/strong><\/p><\/blockquote><\/figure>\n\n\n\n<p>Le Centre des Langues propose :<\/p>\n\n\n\n<ul class=\"wp-block-list\">\n<li>des formations classiques, sous forme de&nbsp;<a href=\"https:\/\/centre-langues-cultures.u-bourgogne.fr\/cours.html\">cours<\/a>&nbsp;publics avec des enseignants en Allemand, Anglais, Arabe, Chinois, Cor\u00e9en, Espagnol, Fran\u00e7ais langue \u00e9trang\u00e8re, Italien, Japonais, Langue des signes fran\u00e7aise, Polonais, Portugais, Tch\u00e8que et Russe.<\/li>\n<\/ul>\n\n\n\n<ul class=\"wp-block-list\">\n<li>de l&#8217;<a href=\"https:\/\/centre-langues-cultures.u-bourgogne.fr\/autoformation.html\">autoformation<\/a>, formule libre o\u00f9 il est possible :\n<ul class=\"wp-block-list\">\n<li>d&#8217;acc\u00e9der de mani\u00e8re autonome \u00e0 des supports d&#8217;apprentissage multim\u00e9dia ou audio-visuels (anglais et FLE)<\/li>\n\n\n\n<li>d&#8217;\u00e9changer de mani\u00e8re informelle avec un tuteur \u00e9tranger<\/li>\n<\/ul>\n<\/li>\n\n\n\n<li>des services de traduction et de relecture de l&#8217;anglais vers le fran\u00e7ais et du fran\u00e7ais vers l&#8217;anglais (abstracts, articles, communications scientifiques, etc.). Un devis personnalis\u00e9 sera \u00e9tabli en fonction de la nature, de la longueur et de l&#8217;urgence de la t\u00e2che \u00e0 effectuer.<\/li>\n<\/ul>\n\n\n\n<blockquote class=\"wp-block-quote is-style-default has-vivid-red-color has-text-color has-link-color wp-elements-813d90f485b285099bf427d99c79ff54 is-layout-flow wp-block-quote-is-layout-flow\">\n<p class=\"has-text-color has-link-color wp-elements-87f62839ea3983b3bc81ef58e7c15711\" style=\"color:#a10e2f\"><mark style=\"background-color:rgba(0, 0, 0, 0);color:#a10e2f\" class=\"has-inline-color\"><strong>Le Centre est donc un lieu o\u00f9 vous pourrez \u00e9tudier et pratiquer les langues les plus courantes sur la plan\u00e8te mais aussi en d\u00e9couvrir de plus rares.<\/strong><\/mark><\/p>\n<\/blockquote>\n\n\n\n<p>Les enseignements sont assur\u00e9s par des titulaires de l&#8217;enseignement sup\u00e9rieur dont certains sont des locuteurs natifs de la langue \u00e9tudi\u00e9e.<\/p>\n\n\n\n<p>L&#8217;offre de tutorat, quant \u00e0 elle, varie, selon les ann\u00e9es avec la population \u00e9tudiante.<\/p>\n\n\n\n<p><strong>Vous devez vous inscrire <a href=\"https:\/\/centredeslangues.u-bourgogne.fr\/index.php\/register\/\">ici<\/a> afin de profiter de nos offres.<\/strong><\/p>\n\n\n\n<h2 class=\"wp-block-heading\"><\/h2>\n\n\n\n<p><\/p>\n","protected":false},"excerpt":{"rendered":"<p>Bienvenue sur le site du Centre des Langues et des Cultures pour Tous Le Centre des Langues et des Cultures pour tous de l&#8217;universit\u00e9 a pour mission de promouvoir la pratique des langues aupr\u00e8s de tous les publics de l&#8217;\u00e9tablissement, qu&#8217;ils soient \u00e9tudiants, personnels ou membres du grand public. Le Centre des Langues est ouvert [&hellip;]<\/p>\n","protected":false},"author":1,"featured_media":0,"parent":0,"menu_order":0,"comment_status":"closed","ping_status":"closed","template":"","meta":{"ocean_post_layout":"","ocean_both_sidebars_style":"","ocean_both_sidebars_content_width":0,"ocean_both_sidebars_sidebars_width":0,"ocean_sidebar":"0","ocean_second_sidebar":"0","ocean_disable_margins":"enable","ocean_add_body_class":"","ocean_shortcode_before_top_bar":"","ocean_shortcode_after_top_bar":"","ocean_shortcode_before_header":"","ocean_shortcode_after_header":"","ocean_has_shortcode":"","ocean_shortcode_after_title":"","ocean_shortcode_before_footer_widgets":"","ocean_shortcode_after_footer_widgets":"","ocean_shortcode_before_footer_bottom":"","ocean_shortcode_after_footer_bottom":"","ocean_display_top_bar":"default","ocean_display_header":"default","ocean_header_style":"","ocean_center_header_left_menu":"0","ocean_custom_header_template":"0","ocean_custom_logo":0,"ocean_custom_retina_logo":0,"ocean_custom_logo_max_width":0,"ocean_custom_logo_tablet_max_width":0,"ocean_custom_logo_mobile_max_width":0,"ocean_custom_logo_max_height":0,"ocean_custom_logo_tablet_max_height":0,"ocean_custom_logo_mobile_max_height":0,"ocean_header_custom_menu":"0","ocean_menu_typo_font_family":"0","ocean_menu_typo_font_subset":"","ocean_menu_typo_font_size":0,"ocean_menu_typo_font_size_tablet":0,"ocean_menu_typo_font_size_mobile":0,"ocean_menu_typo_font_size_unit":"px","ocean_menu_typo_font_weight":"","ocean_menu_typo_font_weight_tablet":"","ocean_menu_typo_font_weight_mobile":"","ocean_menu_typo_transform":"","ocean_menu_typo_transform_tablet":"","ocean_menu_typo_transform_mobile":"","ocean_menu_typo_line_height":0,"ocean_menu_typo_line_height_tablet":0,"ocean_menu_typo_line_height_mobile":0,"ocean_menu_typo_line_height_unit":"","ocean_menu_typo_spacing":0,"ocean_menu_typo_spacing_tablet":0,"ocean_menu_typo_spacing_mobile":0,"ocean_menu_typo_spacing_unit":"","ocean_menu_link_color":"","ocean_menu_link_color_hover":"","ocean_menu_link_color_active":"","ocean_menu_link_background":"","ocean_menu_link_hover_background":"","ocean_menu_link_active_background":"","ocean_menu_social_links_bg":"","ocean_menu_social_hover_links_bg":"","ocean_menu_social_links_color":"","ocean_menu_social_hover_links_color":"","ocean_disable_title":"default","ocean_disable_heading":"default","ocean_post_title":"","ocean_post_subheading":"","ocean_post_title_style":"centered-minimal","ocean_post_title_background_color":"","ocean_post_title_background":0,"ocean_post_title_bg_image_position":"","ocean_post_title_bg_image_attachment":"","ocean_post_title_bg_image_repeat":"","ocean_post_title_bg_image_size":"","ocean_post_title_height":0,"ocean_post_title_bg_overlay":0.5,"ocean_post_title_bg_overlay_color":"","ocean_disable_breadcrumbs":"off","ocean_breadcrumbs_color":"","ocean_breadcrumbs_separator_color":"","ocean_breadcrumbs_links_color":"","ocean_breadcrumbs_links_hover_color":"","ocean_display_footer_widgets":"off","ocean_display_footer_bottom":"default","ocean_custom_footer_template":"0","footnotes":""},"class_list":["post-16","page","type-page","status-publish","hentry","entry","owp-thumbs-layout-horizontal","owp-btn-normal","owp-tabs-layout-horizontal","has-no-thumbnails","has-product-nav"],"_links":{"self":[{"href":"https:\/\/centredeslangues.ube.fr\/index.php\/wp-json\/wp\/v2\/pages\/16","targetHints":{"allow":["GET"]}}],"collection":[{"href":"https:\/\/centredeslangues.ube.fr\/index.php\/wp-json\/wp\/v2\/pages"}],"about":[{"href":"https:\/\/centredeslangues.ube.fr\/index.php\/wp-json\/wp\/v2\/types\/page"}],"author":[{"embeddable":true,"href":"https:\/\/centredeslangues.ube.fr\/index.php\/wp-json\/wp\/v2\/users\/1"}],"replies":[{"embeddable":true,"href":"https:\/\/centredeslangues.ube.fr\/index.php\/wp-json\/wp\/v2\/comments?post=16"}],"version-history":[{"count":10,"href":"https:\/\/centredeslangues.ube.fr\/index.php\/wp-json\/wp\/v2\/pages\/16\/revisions"}],"predecessor-version":[{"id":388,"href":"https:\/\/centredeslangues.ube.fr\/index.php\/wp-json\/wp\/v2\/pages\/16\/revisions\/388"}],"wp:attachment":[{"href":"https:\/\/centredeslangues.ube.fr\/index.php\/wp-json\/wp\/v2\/media?parent=16"}],"curies":[{"name":"wp","href":"https:\/\/api.w.org\/{rel}","templated":true}]}}